Suppose 6*f - 20 = t*f. What is the greatest common factor of 2 and f?
1
Let m be (-4 + (-22)/(-6))/(3/(-72)). Calculate the highest common divisor of m and 24.
8
Let s be (-2)/(-5) - (-168)/30. Suppose 0 = -s*t + 10*t - 48. Calculate the greatest common factor of t and 4.
4
Suppose -3*j - 95 = -2. Let b = j - -75. What is the greatest common factor of 22 and b?
22
Let u be (-1)/((-8)/(-6) - 1). Let l be 12 + u + 1 + 0. Let z be (8/5)/((-6)/(-15)). Calculate the highest common divisor of l and z.
2
Let w(t) = -t**2 + 38*t - 188. Let m be w(6). Let s = -2 - -18. Calculate the highest common factor of s and m.
4
Let u be (4/(-26) - (-15)/13) + 6. Suppose -3*j - 4*n = n - 162, -2*n + 251 = 5*j. What is the greatest common factor of j and u?
7
Let l = 20 - 9. Calculate the highest common factor of l and 121.
11
Let j(o) = o + 10. Let t(w) = 2*w + 10. Let z(d) = 4*j(d) - 3*t(d). Let g be z(-9). Suppose -2*c + g = -c. Calculate the highest common factor of c and 4.
4
Let g = 46 + -23. Suppose -37 = 3*l + 4*j, 3*l + j + 35 = -j. Let a = l + g. What is the greatest common divisor of 84 and a?
12
Let b(s) = -s**2 - 5*s + 5. Let x be b(-4). Let u(v) = 3*v - 2. Let d be u(2). Let t = d - 3. Calculate the highest common factor of t and x.
1
Suppose 5*d - 40 = -5*c, 0*c + 3*d + 72 = 5*c. Calculate the greatest common divisor of c and 60.
12
Suppose -105 = -2*a - 3*a - 2*l, -a = 2*l - 13. Calculate the greatest common factor of a and 253.
23
Let r be 1/(-3) + 296/24. Let s = 16 - r. Calculate the highest common divisor of 16 and s.
4
Suppose -4*w = -438 - 10. What is the greatest common factor of 14 and w?
14
Suppose 5*i = -5*h - 10, 3*i + i + 13 = -3*h. Let r(o) = 7 + 3*o - 4*o + 1. Let x be r(i). Calculate the greatest common factor of x and 120.
15
Let v = -31 - -48. Calculate the highest common divisor of v and 119.
17
Let a(t) = -t**3 + 12*t**2 - 10*t - 3. Let b be a(11). What is the greatest common divisor of 32 and b?
8
Let n be 33/(-12)*(-12)/3. Suppose -8*u + 3*u = -55. Calculate the greatest common factor of u and n.
11
Let a be (-9)/(-5) + 3/15. Suppose -3*f = -a*f + 3, 4*s - 55 = 5*f. What is the highest common factor of 25 and s?
5
Let q be -94*(5/2)/(-5). What is the highest common factor of 376 and q?
47
Let s be 4/((-4)/(-13))*1. Let j = 135 + 8. What is the highest common divisor of s and j?
13
Let o(k) = -k**3 + 8*k**2 + 7*k - 11. Let z be o(8). Suppose -q + 6*q - z = 0. Let r = q + -1. What is the highest common factor of r and 8?
8
Suppose 40 = j - 16. Let y(n) = n**2 - 2*n. Let k be y(4). Calculate the greatest common factor of k and j.
8
Let n be (-4 + 2)/(-2) - -1. Suppose -n*w = -148 - 204. Calculate the greatest common divisor of w and 16.
16
Suppose 2*a + 14 = 3*a. Let g = 373 - 219. Calculate the highest common factor of a and g.
14
Suppose 9*c + 2*m - 356 = 4*c, -2*c - m + 143 = 0. What is the greatest common divisor of c and 28?
14
Suppose 0 = -r + 1 - 4. Let q = r - -7. What is the highest common factor of 4 and q?
4
Suppose -19 = -2*k + k. Calculate the highest common factor of k and 171.
19
Let q(r) = 8 - 3 + 0*r - 8 - r. Let v be q(-6). Calculate the highest common divisor of 18 and v.
3
Suppose 316*v - 300 = 311*v. Calculate the greatest common factor of v and 12.
12
Let n(m) = 40*m - 294. Let j be n(8). Let y be 323/5 - 4/(-10). What is the highest common divisor of y and j?
13
Let v be (-334)/(-7) + (-2)/(-7). Suppose -g - g + 8 = 0. Suppose -2*f = -r + 8, 0*r - g*f + 14 = 3*r. What is the greatest common factor of r and v?
6
Let q(f) = -16*f - 1. Let d be ((-1)/(-3))/((-1)/21). Let h = d - -6. Let m be q(h). Calculate the greatest common divisor of 3 and m.
3
Let l(b) = b. Let u be l(2). Suppose 4*k - u*p = 30, 3*p + 3 = 2*p. What is the highest common factor of 2 and k?
2
Let s be ((-9)/(-6))/((-1)/(-2)). Let g be (4/s)/(3/108). What is the highest common factor of g and 8?
8
Let l = -10 - -28. Calculate the highest common factor of 9 and l.
9
Suppose k + t = -4*k + 25, 0 = -t - 5. Calculate the highest common factor of 12 and k.
6
Let r be ((-98)/(-2 - -1))/1. Let z be (-1 - -2)*1 - -13. What is the greatest common factor of z and r?
14
Suppose 0 = 3*b - 437 - 238. Calculate the highest common factor of b and 25.
25
Let h(j) = j**2 + j + 8. Let w be h(-8). What is the highest common divisor of 8 and w?
8
Let c be 1/(-4) - 21/(-4). Suppose -5*j - 98 = 3*k, -c*k - 188 = -0*k - 4*j. Let t be 0 + 2 - (k - 4). What is the greatest common factor of t and 28?
14
Let x(f) = -f**3 + 6*f**2 - 2*f. Let z be x(4). Suppose 0 = -o + 51 + 181. Suppose 4*p = 8 + o. What is the greatest common divisor of p and z?
12
Suppose 6*z = 204 + 228. What is the greatest common divisor of 24 and z?
24
Suppose 5*o - 2*o = 24. Let p be 9/12 + 34/o. Suppose -p*y - 2*k + 43 = 0, y - 3 = 4*k + 10. Calculate the greatest common factor of y and 9.
9
Let p be (-76)/(-13) - (-4)/26. What is the greatest common divisor of p and 42?
6
Let q(l) = -5*l**3 + 2*l + 1. Let i be q(2). Let f be i/(-2) - 1/2. What is the greatest common divisor of 34 and f?
17
Let n = 44 + -35. Let l(o) = o**3 + o**2 + o + 90. Let p be l(0). What is the highest common divisor of p and n?
9
Let a = -17 + 31. Let v = 0 + 21. Calculate the highest common factor of v and a.
7
Let h(l) = 8*l**3. Let f be h(1). Suppose 0 = 2*v - 4*v + 5*d + f, 4*d = v + 2. Let c = 143 - 31. What is the greatest common divisor of c and v?
14
Suppose u + 0*k = -4*k + 4, -5*k = -2*u - 5. Suppose -7*v + 4*v = u. Suppose -i - 8 = -5*z, v = -2*i + 4*i - 4. Calculate the highest common factor of z and 22.
2
Let a = -29 - -40. Calculate the highest common divisor of 33 and a.
11
Let k be 4/(-10) + (-124)/(-10). Suppose -2*t = -4 - 4. Suppose -3*y + z = 4*z - 312, -t*z = 5*y - 524. What is the highest common divisor of y and k?
12
Let u be 4*3/((-18)/(-15)). Let w(c) = c**2 - 9*c - 4. Let y be w(u). Let v(x) = -x**2 - 7*x. Let s be v(-3). Calculate the highest common factor of y and s.
6
Suppose 8 = 38*p - 34*p. Let x = 0 + 2. Calculate the highest common divisor of p and x.
2
Suppose -84 = 152*g - 156*g. Calculate the greatest common factor of 35 and g.
7
Suppose k - 4 = 0, -5*k + 7 + 18 = 5*u. Let l = -39 - -57. Suppose 0*y - y - 6 = 2*b, -l = -y + 4*b. What is the greatest common divisor of u and y?
1
Suppose -5*b + 79 = -106. Let x = -13 + b. Let c = -3 - -11. Calculate the greatest common divisor of c and x.
8
Let w(y) = -3*y**3 - y**2 + 4*y + 1. Let a be w(-4). Calculate the greatest common divisor of a and 23.
23
Let z be -4*((-42)/4 + -2). Suppose 5*a + w = -3*w + 104, -a + w = -19. What is the highest common divisor of z and a?
10
Let s(p) = p**3 - p - 1. Let r(k) = 5*k**3 - 4*k**2 + k - 4. Let w(y) = r(y) - 2*s(y). Let b be w(2). Calculate the highest common divisor of b and 4.
4
Suppose -4*v + 1045 = v. Let m be 21 + 4 + -8*1 + 2. What is the highest common divisor of v and m?
19
Let a be 20 + 0/(-1) - 1. Let k = 4 - 16. Let w be (k - -11)/(1/(-57)). Calculate the greatest common divisor of a and w.
19
Suppose -c - 3*c + 216 = 0. Let i(n) = n**3 + 2*n**2 - 2*n + 1. Let m be i(-3). Let j be 2*(m - -6) + -2. Calculate the highest common factor of c and j.
6
Let i(f) = f**3 + 14*f**2 + 16*f - 15. Let j be i(-12). What is the highest common divisor of j and 9?
9
Let f be 0 - -36 - (-4 + 8). Calculate the highest common factor of 80 and f.
16
Suppose 15 = 7*m - 2*m. Suppose -m*a + 29 = -4*q, -2*q + 5 = 5*a - 0. Let r be (a - 1 - 0)*18. What is the greatest common factor of 24 and r?
12
Let k be ((-72)/(-16))/(3/16). Calculate the greatest common factor of k and 96.
24
Suppose 0 = -19*w + 11*w + 144. Let y = 107 + -53. Calculate the greatest common divisor of y and w.
18
Let v = -5 + 8. Let y be (3/(-6))/(v/(-180)). What is the greatest common divisor of y and 75?
15
Let z(o) = -3*o - 7. Let k be z(-7). Let d(b) = 3 + 13*b - 2 + 30*b - 4. Let t be d(3). Calculate the greatest common divisor of t and k.
14
Let t be ((-2)/(-2))/((-1)/(-24)). What is the highest common divisor of 3 and t?
3
Suppose 0 = -3*x - r + 20, 4*r = 4*x + r - 44. Calculate the highest common divisor of x and 8.
8
Let h be 125/(-2)*(-8)/10. Suppose -a + 2 + 3 = 0. Suppose 4*y - 46 = -a*p, 19 = 2*p + 4*y + 3. Calculate the highest co